{"id":7,"date":"2018-11-27T09:17:42","date_gmt":"2018-11-27T09:17:42","guid":{"rendered":"https:\/\/websitedemos.net\/discover-outdoors\/?page_id=7"},"modified":"2022-11-14T11:35:09","modified_gmt":"2022-11-14T16:35:09","slug":"projects","status":"publish","type":"page","link":"https:\/\/efectra.net\/webj\/projects\/","title":{"rendered":"Proyectos"},"content":{"rendered":"\t\t<div data-elementor-type=\"wp-post\" data-elementor-id=\"7\" class=\"elementor elementor-7\">\n\t\t\t\t\t\t<section class=\"elementor-section elementor-top-section elementor-element elementor-element-7ac9ca5 elementor-section-boxed elementor-section-height-default elementor-section-height-default\" data-id=\"7ac9ca5\" data-element_type=\"section\" data-e-type=\"section\" data-settings=\"{&quot;background_background&quot;:&quot;classic&quot;}\">\n\t\t\t\t\t\t\t<div class=\"elementor-background-overlay\"><\/div>\n\t\t\t\t\t\t\t<div class=\"elementor-container elementor-column-gap-default\">\n\t\t\t\t\t<div class=\"elementor-column elementor-col-33 elementor-top-column elementor-element elementor-element-fc40e94\" data-id=\"fc40e94\" data-element_type=\"column\" data-e-type=\"column\">\n\t\t\t<div class=\"elementor-widget-wrap\">\n\t\t\t\t\t\t\t<\/div>\n\t\t<\/div>\n\t\t\t\t<div class=\"elementor-column elementor-col-33 elementor-top-column elementor-element elementor-element-90988fe\" data-id=\"90988fe\" data-element_type=\"column\" data-e-type=\"column\">\n\t\t\t<div class=\"elementor-widget-wrap elementor-element-populated\">\n\t\t\t\t\t\t<div class=\"elementor-element elementor-element-11e7ef0 elementor-widget elementor-widget-icon-box\" data-id=\"11e7ef0\" data-element_type=\"widget\" data-e-type=\"widget\" data-widget_type=\"icon-box.default\">\n\t\t\t\t<div class=\"elementor-widget-container\">\n\t\t\t\t\t\t\t<div class=\"elementor-icon-box-wrapper\">\n\n\t\t\t\n\t\t\t\t\t\t<div class=\"elementor-icon-box-content\">\n\n\t\t\t\t\t\t\t\t\t<h1 class=\"elementor-icon-box-title\">\n\t\t\t\t\t\t<span  >\n\t\t\t\t\t\t\tproyectos\t\t\t\t\t\t<\/span>\n\t\t\t\t\t<\/h1>\n\t\t\t\t\n\t\t\t\t\n\t\t\t<\/div>\n\t\t\t\n\t\t<\/div>\n\t\t\t\t\t\t<\/div>\n\t\t\t\t<\/div>\n\t\t\t\t\t<\/div>\n\t\t<\/div>\n\t\t\t\t<div class=\"elementor-column elementor-col-33 elementor-top-column elementor-element elementor-element-919f5c1\" data-id=\"919f5c1\" data-element_type=\"column\" data-e-type=\"column\">\n\t\t\t<div class=\"elementor-widget-wrap\">\n\t\t\t\t\t\t\t<\/div>\n\t\t<\/div>\n\t\t\t\t\t<\/div>\n\t\t<\/section>\n\t\t\t\t<section class=\"elementor-section elementor-top-section elementor-element elementor-element-3ba7bfc elementor-section-boxed elementor-section-height-default elementor-section-height-default\" data-id=\"3ba7bfc\" data-element_type=\"section\" data-e-type=\"section\">\n\t\t\t\t\t\t<div class=\"elementor-container elementor-column-gap-default\">\n\t\t\t\t\t<div class=\"elementor-column elementor-col-100 elementor-top-column elementor-element elementor-element-6a318b3\" data-id=\"6a318b3\" data-element_type=\"column\" data-e-type=\"column\">\n\t\t\t<div class=\"elementor-widget-wrap elementor-element-populated\">\n\t\t\t\t\t\t<div class=\"elementor-element elementor-element-471b663 elementor-widget elementor-widget-elpug\" data-id=\"471b663\" data-element_type=\"widget\" data-e-type=\"widget\" data-widget_type=\"elpug.default\">\n\t\t\t\t<div class=\"elementor-widget-container\">\n\t\t\t\t\t<input id=\"powerfolio_pagination_postsperpage\" type=\"hidden\" value=\"\" \/><div class=\"elpt-portfolio elpt_powerfolio_3704\"><div class=\"elpt-portfolio-filter\"><button class=\"portfolio-filter-item item-active\" data-filter=\"*\" style=\"background-color:\">All<\/button><button class=\"portfolio-filter-item\" style=\"background-color:\" data-filter=\".elemenfoliocategory-energiasolar\">Energia Solar<\/button><button class=\"portfolio-filter-item\" style=\"background-color:\" data-filter=\".elemenfoliocategory-iluminacion\">Iluminaci\u00f3n<\/button><button class=\"portfolio-filter-item\" style=\"background-color:\" data-filter=\".elemenfoliocategory-postesmetalicos\">Postes Met\u00e1licos<\/button><\/div><div class=\"elpt-portfolio-content elpt-portfolio-content-isotope elpt-portfolio-style-box  simple elpt-portfolio-columns-2  elpt-portfolio-margin\"><div class=\"portfolio-item-wrapper 1561 post-7 page type-page status-publish hentry elemenfoliocategory-energiasolar\"><a href=\"https:\/\/efectra.net\/webj\/portfolio\/sistema-de-energia-solar-fotovoltaica-2024\/\" class=\"portfolio-item \" style=\"background-image: url(https:\/\/efectra.net\/webj\/wp-content\/uploads\/2024\/10\/Casa-Cota-0.jpg)\" title=\"Sistema de Energ\u00eda solar fotovoltaica 2024\"><img decoding=\"async\" src=\"https:\/\/efectra.net\/webj\/wp-content\/uploads\/2024\/10\/Casa-Cota-0.jpg\" class=\"elpt-main-image\" title=\"Sistema de Energ\u00eda solar fotovoltaica 2024\" alt=\"Sistema de Energ\u00eda solar fotovoltaica 2024\" \/><div class=\"portfolio-item-infos-wrapper\" style=\"background-color:\"><div class=\"portfolio-item-infos\"><div class=\"portfolio-item-title\"><span class=\"portfolio-item-title-span\">Sistema de Energ\u00eda solar fotovoltaica 2024<\/span><\/div><div class=\"portfolio-item-category\"><span class=\"elpt-portfolio-cat\">Energia Solar<\/span><\/div><\/div><\/div><\/a><\/div><div class=\"portfolio-item-wrapper 1469 post-7 page type-page status-publish hentry elemenfoliocategory-energiasolar elemenfoliocategory-iluminacion\"><a href=\"https:\/\/efectra.net\/webj\/portfolio\/pergola-iluminacion-energia-solar-2023\/\" class=\"portfolio-item \" style=\"background-image: url(https:\/\/efectra.net\/webj\/wp-content\/uploads\/2024\/04\/Pergola-Iluminacion-Energia-Solar-0.jpg)\" title=\"Pergola &#8211; Iluminaci\u00f3n Energia Solar 2023\"><img decoding=\"async\" src=\"https:\/\/efectra.net\/webj\/wp-content\/uploads\/2024\/04\/Pergola-Iluminacion-Energia-Solar-0.jpg\" class=\"elpt-main-image\" title=\"Pergola &#8211; Iluminaci\u00f3n Energia Solar 2023\" alt=\"Pergola &#8211; Iluminaci\u00f3n Energia Solar 2023\" \/><div class=\"portfolio-item-infos-wrapper\" style=\"background-color:\"><div class=\"portfolio-item-infos\"><div class=\"portfolio-item-title\"><span class=\"portfolio-item-title-span\">Pergola &#8211; Iluminaci\u00f3n Energia Solar 2023<\/span><\/div><div class=\"portfolio-item-category\"><span class=\"elpt-portfolio-cat\">Energia Solar<\/span><span class=\"elpt-portfolio-cat\">Iluminaci\u00f3n<\/span><\/div><\/div><\/div><\/a><\/div><div class=\"portfolio-item-wrapper 1440 post-7 page type-page status-publish hentry elemenfoliocategory-energiasolar elemenfoliocategory-iluminacion\"><a href=\"https:\/\/efectra.net\/webj\/portfolio\/reflectores-100w-escenarios-deportivos-2023\/\" class=\"portfolio-item \" style=\"background-image: url(https:\/\/efectra.net\/webj\/wp-content\/uploads\/2023\/04\/Reflector-100W-M2023-0.jpg)\" title=\"Reflectores 100W escenarios deportivos, 2023\"><img decoding=\"async\" src=\"https:\/\/efectra.net\/webj\/wp-content\/uploads\/2023\/04\/Reflector-100W-M2023-0.jpg\" class=\"elpt-main-image\" title=\"Reflectores 100W escenarios deportivos, 2023\" alt=\"Reflectores 100W escenarios deportivos, 2023\" \/><div class=\"portfolio-item-infos-wrapper\" style=\"background-color:\"><div class=\"portfolio-item-infos\"><div class=\"portfolio-item-title\"><span class=\"portfolio-item-title-span\">Reflectores 100W escenarios deportivos, 2023<\/span><\/div><div class=\"portfolio-item-category\"><span class=\"elpt-portfolio-cat\">Energia Solar<\/span><span class=\"elpt-portfolio-cat\">Iluminaci\u00f3n<\/span><\/div><\/div><\/div><\/a><\/div><div class=\"portfolio-item-wrapper 1414 post-7 page type-page status-publish hentry elemenfoliocategory-iluminacion elemenfoliocategory-postesmetalicos\"><a href=\"https:\/\/efectra.net\/webj\/portfolio\/bravo-autos-2022\/\" class=\"portfolio-item \" style=\"background-image: url(https:\/\/efectra.net\/webj\/wp-content\/uploads\/2023\/05\/Bravo_autos_6.jpg)\" title=\"Bravo Autos, 2022\"><img decoding=\"async\" src=\"https:\/\/efectra.net\/webj\/wp-content\/uploads\/2023\/05\/Bravo_autos_6.jpg\" class=\"elpt-main-image\" title=\"Bravo Autos, 2022\" alt=\"Bravo Autos, 2022\" \/><div class=\"portfolio-item-infos-wrapper\" style=\"background-color:\"><div class=\"portfolio-item-infos\"><div class=\"portfolio-item-title\"><span class=\"portfolio-item-title-span\">Bravo Autos, 2022<\/span><\/div><div class=\"portfolio-item-category\"><span class=\"elpt-portfolio-cat\">Iluminaci\u00f3n<\/span><span class=\"elpt-portfolio-cat\">Postes Met\u00e1licos<\/span><\/div><\/div><\/div><\/a><\/div><div class=\"portfolio-item-wrapper 1314 post-7 page type-page status-publish hentry elemenfoliocategory-iluminacion\"><a href=\"https:\/\/efectra.net\/webj\/portfolio\/parque-arboleda-2022\/\" class=\"portfolio-item \" style=\"background-image: url(https:\/\/efectra.net\/webj\/wp-content\/uploads\/2022\/11\/Mosquera-P-arboleda2022-v2-.png)\" title=\"Parque Arboleda, 2022\"><img decoding=\"async\" src=\"https:\/\/efectra.net\/webj\/wp-content\/uploads\/2022\/11\/Mosquera-P-arboleda2022-v2-.png\" class=\"elpt-main-image\" title=\"Parque Arboleda, 2022\" alt=\"Parque Arboleda, 2022\" \/><div class=\"portfolio-item-infos-wrapper\" style=\"background-color:\"><div class=\"portfolio-item-infos\"><div class=\"portfolio-item-title\"><span class=\"portfolio-item-title-span\">Parque Arboleda, 2022<\/span><\/div><div class=\"portfolio-item-category\"><span class=\"elpt-portfolio-cat\">Iluminaci\u00f3n<\/span><\/div><\/div><\/div><\/a><\/div><div class=\"portfolio-item-wrapper 1378 post-7 page type-page status-publish hentry elemenfoliocategory-iluminacion\"><a href=\"https:\/\/efectra.net\/webj\/portfolio\/terraza-credibanco-bogota-d-c-2021\/\" class=\"portfolio-item \" style=\"background-image: url(https:\/\/efectra.net\/webj\/wp-content\/uploads\/2021\/12\/Terraz-credibanco-Bogota.jpg)\" title=\"Terraza CREDIBANCO, Bogota D.C 2021\"><img decoding=\"async\" src=\"https:\/\/efectra.net\/webj\/wp-content\/uploads\/2021\/12\/Terraz-credibanco-Bogota.jpg\" class=\"elpt-main-image\" title=\"Terraza CREDIBANCO, Bogota D.C 2021\" alt=\"Terraza CREDIBANCO, Bogota D.C 2021\" \/><div class=\"portfolio-item-infos-wrapper\" style=\"background-color:\"><div class=\"portfolio-item-infos\"><div class=\"portfolio-item-title\"><span class=\"portfolio-item-title-span\">Terraza CREDIBANCO, Bogota D.C 2021<\/span><\/div><div class=\"portfolio-item-category\"><span class=\"elpt-portfolio-cat\">Iluminaci\u00f3n<\/span><\/div><\/div><\/div><\/a><\/div><div class=\"portfolio-item-wrapper 1400 post-7 page type-page status-publish hentry elemenfoliocategory-iluminacion\"><a href=\"https:\/\/efectra.net\/webj\/portfolio\/parque-el-cabrero-2019\/\" class=\"portfolio-item \" style=\"background-image: url(https:\/\/efectra.net\/webj\/wp-content\/uploads\/2019\/12\/Mosquera-2019-Parque-el-Cabrero-v1.jpg)\" title=\"Parque el Cabrero, 2019.\"><img decoding=\"async\" src=\"https:\/\/efectra.net\/webj\/wp-content\/uploads\/2019\/12\/Mosquera-2019-Parque-el-Cabrero-v1.jpg\" class=\"elpt-main-image\" title=\"Parque el Cabrero, 2019.\" alt=\"Parque el Cabrero, 2019.\" \/><div class=\"portfolio-item-infos-wrapper\" style=\"background-color:\"><div class=\"portfolio-item-infos\"><div class=\"portfolio-item-title\"><span class=\"portfolio-item-title-span\">Parque el Cabrero, 2019.<\/span><\/div><div class=\"portfolio-item-category\"><span class=\"elpt-portfolio-cat\">Iluminaci\u00f3n<\/span><\/div><\/div><\/div><\/a><\/div><div class=\"portfolio-item-wrapper 1341 post-7 page type-page status-publish hentry elemenfoliocategory-iluminacion\"><a href=\"https:\/\/efectra.net\/webj\/portfolio\/renovacion-urbana-funza-2018\/\" class=\"portfolio-item \" style=\"background-image: url(https:\/\/efectra.net\/webj\/wp-content\/uploads\/2018\/08\/WB-Funza-2018-50W-2v1.jpg)\" title=\"Renovaci\u00f3n Urbana, Funza 2018\"><img decoding=\"async\" src=\"https:\/\/efectra.net\/webj\/wp-content\/uploads\/2018\/08\/WB-Funza-2018-50W-2v1.jpg\" class=\"elpt-main-image\" title=\"Renovaci\u00f3n Urbana, Funza 2018\" alt=\"Renovaci\u00f3n Urbana, Funza 2018\" \/><div class=\"portfolio-item-infos-wrapper\" style=\"background-color:\"><div class=\"portfolio-item-infos\"><div class=\"portfolio-item-title\"><span class=\"portfolio-item-title-span\">Renovaci\u00f3n Urbana, Funza 2018<\/span><\/div><div class=\"portfolio-item-category\"><span class=\"elpt-portfolio-cat\">Iluminaci\u00f3n<\/span><\/div><\/div><\/div><\/a><\/div><div class=\"portfolio-item-wrapper 1157 post-7 page type-page status-publish hentry elemenfoliocategory-iluminacion\"><a href=\"https:\/\/efectra.net\/webj\/portfolio\/funza-cundiinamarca-2016\/\" class=\"portfolio-item \" style=\"background-image: url(https:\/\/efectra.net\/webj\/wp-content\/uploads\/2016\/08\/IMG-20160807-WA0016.jpg)\" title=\"Funza, Cundiinamarca, 2016\"><img decoding=\"async\" src=\"https:\/\/efectra.net\/webj\/wp-content\/uploads\/2016\/08\/IMG-20160807-WA0016.jpg\" class=\"elpt-main-image\" title=\"Funza, Cundiinamarca, 2016\" alt=\"Funza, Cundiinamarca, 2016\" \/><div class=\"portfolio-item-infos-wrapper\" style=\"background-color:\"><div class=\"portfolio-item-infos\"><div class=\"portfolio-item-title\"><span class=\"portfolio-item-title-span\">Funza, Cundiinamarca, 2016<\/span><\/div><div class=\"portfolio-item-category\"><span class=\"elpt-portfolio-cat\">Iluminaci\u00f3n<\/span><\/div><\/div><\/div><\/a><\/div><div class=\"portfolio-item-wrapper 1516 post-7 page type-page status-publish hentry elemenfoliocategory-energiasolar elemenfoliocategory-iluminacion\"><a href=\"https:\/\/efectra.net\/webj\/portfolio\/parque-principal-yacopi-iluminacion-energia-solar-2016\/\" class=\"portfolio-item \" style=\"background-image: url(https:\/\/efectra.net\/webj\/wp-content\/uploads\/2016\/04\/WP-Yacopy2016-1v2.jpg)\" title=\"Parque Principal Yacop\u00ed &#8211; Iluminaci\u00f3n Energia Solar 2016 &#8211;\"><img decoding=\"async\" src=\"https:\/\/efectra.net\/webj\/wp-content\/uploads\/2016\/04\/WP-Yacopy2016-1v2.jpg\" class=\"elpt-main-image\" title=\"Parque Principal Yacop\u00ed &#8211; Iluminaci\u00f3n Energia Solar 2016 &#8211;\" alt=\"Parque Principal Yacop\u00ed &#8211; Iluminaci\u00f3n Energia Solar 2016 &#8211;\" \/><div class=\"portfolio-item-infos-wrapper\" style=\"background-color:\"><div class=\"portfolio-item-infos\"><div class=\"portfolio-item-title\"><span class=\"portfolio-item-title-span\">Parque Principal Yacop\u00ed &#8211; Iluminaci\u00f3n Energia Solar 2016 &#8211;<\/span><\/div><div class=\"portfolio-item-category\"><span class=\"elpt-portfolio-cat\">Energia Solar<\/span><span class=\"elpt-portfolio-cat\">Iluminaci\u00f3n<\/span><\/div><\/div><\/div><\/a><\/div><div class=\"portfolio-item-wrapper 1489 post-7 page type-page status-publish hentry elemenfoliocategory-energiasolar elemenfoliocategory-iluminacion\"><a href=\"https:\/\/efectra.net\/webj\/portfolio\/alameda-iluminacion-energia-solar-2016\/\" class=\"portfolio-item \" style=\"background-image: url(https:\/\/efectra.net\/webj\/wp-content\/uploads\/2024\/04\/Proyecto-Alameda-2016-0.jpg)\" title=\"Alameda &#8211; Iluminaci\u00f3n Energia Solar 2016\"><img decoding=\"async\" src=\"https:\/\/efectra.net\/webj\/wp-content\/uploads\/2024\/04\/Proyecto-Alameda-2016-0.jpg\" class=\"elpt-main-image\" title=\"Alameda &#8211; Iluminaci\u00f3n Energia Solar 2016\" alt=\"Alameda &#8211; Iluminaci\u00f3n Energia Solar 2016\" \/><div class=\"portfolio-item-infos-wrapper\" style=\"background-color:\"><div class=\"portfolio-item-infos\"><div class=\"portfolio-item-title\"><span class=\"portfolio-item-title-span\">Alameda &#8211; Iluminaci\u00f3n Energia Solar 2016<\/span><\/div><div class=\"portfolio-item-category\"><span class=\"elpt-portfolio-cat\">Energia Solar<\/span><span class=\"elpt-portfolio-cat\">Iluminaci\u00f3n<\/span><\/div><\/div><\/div><\/a><\/div><div class=\"portfolio-item-wrapper 1146 post-7 page type-page status-publish hentry elemenfoliocategory-iluminacion\"><a href=\"https:\/\/efectra.net\/webj\/portfolio\/florencia-caqueta-2016\/\" class=\"portfolio-item \" style=\"background-image: url(https:\/\/efectra.net\/webj\/wp-content\/uploads\/2022\/11\/20160127_125312-scaled.jpg)\" title=\"Florencia, Caquet\u00e1, 2016\"><img decoding=\"async\" src=\"https:\/\/efectra.net\/webj\/wp-content\/uploads\/2022\/11\/20160127_125312-scaled.jpg\" class=\"elpt-main-image\" title=\"Florencia, Caquet\u00e1, 2016\" alt=\"Florencia, Caquet\u00e1, 2016\" \/><div class=\"portfolio-item-infos-wrapper\" style=\"background-color:\"><div class=\"portfolio-item-infos\"><div class=\"portfolio-item-title\"><span class=\"portfolio-item-title-span\">Florencia, Caquet\u00e1, 2016<\/span><\/div><div class=\"portfolio-item-category\"><span class=\"elpt-portfolio-cat\">Iluminaci\u00f3n<\/span><\/div><\/div><\/div><\/a><\/div><div class=\"portfolio-item-wrapper 913 post-7 page type-page status-publish hentry elemenfoliocategory-iluminacion\"><a href=\"https:\/\/efectra.net\/webj\/portfolio\/expo-hogar-2015\/\" class=\"portfolio-item \" style=\"background-image: url(https:\/\/efectra.net\/webj\/wp-content\/uploads\/2015\/08\/20150911_141540-scaled.jpg)\" title=\"Expo Hogar, Bogot\u00e1, 2015\"><img decoding=\"async\" src=\"https:\/\/efectra.net\/webj\/wp-content\/uploads\/2015\/08\/20150911_141540-scaled.jpg\" class=\"elpt-main-image\" title=\"Expo Hogar, Bogot\u00e1, 2015\" alt=\"Expo Hogar, Bogot\u00e1, 2015\" \/><div class=\"portfolio-item-infos-wrapper\" style=\"background-color:\"><div class=\"portfolio-item-infos\"><div class=\"portfolio-item-title\"><span class=\"portfolio-item-title-span\">Expo Hogar, Bogot\u00e1, 2015<\/span><\/div><div class=\"portfolio-item-category\"><span class=\"elpt-portfolio-cat\">Iluminaci\u00f3n<\/span><\/div><\/div><\/div><\/a><\/div><div class=\"portfolio-item-wrapper 1134 post-7 page type-page status-publish hentry elemenfoliocategory-iluminacion\"><a href=\"https:\/\/efectra.net\/webj\/portfolio\/mosquera-cundinamarca-2015\/\" class=\"portfolio-item \" style=\"background-image: url(https:\/\/efectra.net\/webj\/wp-content\/uploads\/2022\/11\/WMosquera-2015-12-19img1-scaled.jpg)\" title=\"Mosquera, Cundinamarca, 2015\"><img decoding=\"async\" src=\"https:\/\/efectra.net\/webj\/wp-content\/uploads\/2022\/11\/WMosquera-2015-12-19img1-scaled.jpg\" class=\"elpt-main-image\" title=\"Mosquera, Cundinamarca, 2015\" alt=\"Mosquera, Cundinamarca, 2015\" \/><div class=\"portfolio-item-infos-wrapper\" style=\"background-color:\"><div class=\"portfolio-item-infos\"><div class=\"portfolio-item-title\"><span class=\"portfolio-item-title-span\">Mosquera, Cundinamarca, 2015<\/span><\/div><div class=\"portfolio-item-category\"><span class=\"elpt-portfolio-cat\">Iluminaci\u00f3n<\/span><\/div><\/div><\/div><\/a><\/div><\/div><\/div>\t\t\t\t<\/div>\n\t\t\t\t<\/div>\n\t\t\t\t\t<\/div>\n\t\t<\/div>\n\t\t\t\t\t<\/div>\n\t\t<\/section>\n\t\t\t\t<\/div>\n\t\t","protected":false},"excerpt":{"rendered":"<p>proyectos AllEnergia SolarIluminaci\u00f3nPostes Met\u00e1licosFunza, Cundiinamarca, 2016Iluminaci\u00f3nFlorencia, Caquet\u00e1, 2016Iluminaci\u00f3nExpo Hogar, Bogot\u00e1, 2015Iluminaci\u00f3nMosquera, Cundinamarca, 2015Iluminaci\u00f3n<\/p>\n","protected":false},"author":1,"featured_media":0,"parent":0,"menu_order":0,"comment_status":"closed","ping_status":"closed","template":"","meta":{"nf_dc_page":"","_uag_custom_page_level_css":"","site-sidebar-layout":"no-sidebar","site-content-layout":"page-builder","ast-site-content-layout":"default","site-content-style":"default","site-sidebar-style":"default","ast-global-header-display":"","ast-banner-title-visibility":"","ast-main-header-display":"","ast-hfb-above-header-display":"","ast-hfb-below-header-display":"","ast-hfb-mobile-header-display":"","site-post-title":"disabled","ast-breadcrumbs-content":"","ast-featured-img":"disabled","footer-sml-layout":"","ast-disable-related-posts":"","theme-transparent-header-meta":"enabled","adv-header-id-meta":"","stick-header-meta":"","header-above-stick-meta":"","header-main-stick-meta":"","header-below-stick-meta":"","astra-migrate-meta-layouts":"default","ast-page-background-enabled":"default","ast-page-background-meta":{"desktop":{"background-color":"","background-image":"","background-repeat":"repeat","background-position":"center center","background-size":"auto","background-attachment":"scroll","background-type":"","background-media":"","overlay-type":"","overlay-color":"","overlay-opacity":"","overlay-gradient":""},"tablet":{"background-color":"","background-image":"","background-repeat":"repeat","background-position":"center center","background-size":"auto","background-attachment":"scroll","background-type":"","background-media":"","overlay-type":"","overlay-color":"","overlay-opacity":"","overlay-gradient":""},"mobile":{"background-color":"","background-image":"","background-repeat":"repeat","background-position":"center center","background-size":"auto","background-attachment":"scroll","background-type":"","background-media":"","overlay-type":"","overlay-color":"","overlay-opacity":"","overlay-gradient":""}},"ast-content-background-meta":{"desktop":{"background-color":"var(--ast-global-color-5)","background-image":"","background-repeat":"repeat","background-position":"center center","background-size":"auto","background-attachment":"scroll","background-type":"","background-media":"","overlay-type":"","overlay-color":"","overlay-opacity":"","overlay-gradient":""},"tablet":{"background-color":"var(--ast-global-color-5)","background-image":"","background-repeat":"repeat","background-position":"center center","background-size":"auto","background-attachment":"scroll","background-type":"","background-media":"","overlay-type":"","overlay-color":"","overlay-opacity":"","overlay-gradient":""},"mobile":{"background-color":"var(--ast-global-color-5)","background-image":"","background-repeat":"repeat","background-position":"center center","background-size":"auto","background-attachment":"scroll","background-type":"","background-media":"","overlay-type":"","overlay-color":"","overlay-opacity":"","overlay-gradient":""}},"footnotes":""},"class_list":["post-7","page","type-page","status-publish","hentry"],"uagb_featured_image_src":{"full":false,"thumbnail":false,"medium":false,"medium_large":false,"large":false,"1536x1536":false,"2048x2048":false},"uagb_author_info":{"display_name":"Luis Manuel Luna Rivera","author_link":"https:\/\/efectra.net\/webj\/author\/luismlunargmail-com\/"},"uagb_comment_info":0,"uagb_excerpt":"proyectos AllEnergia SolarIluminaci\u00f3nPostes Met\u00e1licosFunza, Cundiinamarca, 2016Iluminaci\u00f3nFlorencia, Caquet\u00e1, 2016Iluminaci\u00f3nExpo Hogar, Bogot\u00e1, 2015Iluminaci\u00f3nMosquera, Cundinamarca, 2015Iluminaci\u00f3n","_links":{"self":[{"href":"https:\/\/efectra.net\/webj\/wp-json\/wp\/v2\/pages\/7","targetHints":{"allow":["GET"]}}],"collection":[{"href":"https:\/\/efectra.net\/webj\/wp-json\/wp\/v2\/pages"}],"about":[{"href":"https:\/\/efectra.net\/webj\/wp-json\/wp\/v2\/types\/page"}],"author":[{"embeddable":true,"href":"https:\/\/efectra.net\/webj\/wp-json\/wp\/v2\/users\/1"}],"replies":[{"embeddable":true,"href":"https:\/\/efectra.net\/webj\/wp-json\/wp\/v2\/comments?post=7"}],"version-history":[{"count":69,"href":"https:\/\/efectra.net\/webj\/wp-json\/wp\/v2\/pages\/7\/revisions"}],"predecessor-version":[{"id":1237,"href":"https:\/\/efectra.net\/webj\/wp-json\/wp\/v2\/pages\/7\/revisions\/1237"}],"wp:attachment":[{"href":"https:\/\/efectra.net\/webj\/wp-json\/wp\/v2\/media?parent=7"}],"curies":[{"name":"wp","href":"https:\/\/api.w.org\/{rel}","templated":true}]}}